visor of u and 6.
6
Let m(u) = 4*u + 14. Let h be m(10). What is the highest common divisor of 18 and h?
18
Suppose 4*m - 127 = 53. What is the greatest common factor of m and 9?
9
Let f(i) = -i**3 + 8*i**2 - 5*i - 9. Let o(c) = 7*c**2 - 4*c - 8. Let x(j) = 2*f(j) - 3*o(j). Let g be x(-5). What is the highest common factor of 11 and g?
11
Suppose 47 = 3*r + 4*v, -4*r - 8 + 73 = 3*v. Suppose -4*o = g - 62, -4*o + 2*g + r + 39 = 0. What is the greatest common divisor of 135 and o?
15
Let f = -67 + 97. Calculate the greatest common factor of f and 75.
15
Let m be ((-2)/(-3))/((-1)/3). Let k be -2 - (1 + -1 + m). Suppose 5*g - 245 = -k*g. What is the greatest common divisor of 7 and g?
7
Let w be (-6 - (-160)/25)/((-2)/(-190)). Calculate the highest common divisor of w and 38.
38
Let l(s) = -27*s. Suppose 4*p + 6*t = 3*t - 5, 3*t = 5*p + 40. Let w = -1 + p. Let h be l(w). Calculate the highest common factor of 18 and h.
18
Suppose k + 132 = 2*k - 3*q, -k + 97 = 4*q. Calculate the highest common factor of k and 13.
13
Suppose 92 = -4*s + 452. Suppose -p - s = -4*p. Calculate the greatest common divisor of p and 45.
15
Suppose 54 = 4*h + 22. What is the highest common divisor of h and 40?
8
Let p be 45/(-75) + 4/(-10). Let u(w) be the first derivative of 19*w**3 + w**2 + w + 1. Let a be u(p). Calculate the greatest common factor of 7 and a.
7
Suppose 37 + 19 = 4*k. Suppose -2*c + 5*c = 3*z - 81, 0 = -2*z - 4*c + 42. Let a = z - k. Calculate the greatest common factor of 66 and a.
11
Let k(i) = -i**2 + 9*i - 8. Let v be k(5). Suppose -14 = -t + 46. What is the highest common divisor of t and v?
12
Let x(i) = -7 + i**2 + 2 - 3. Suppose f = 3*p - 6 - 11, p = -2*f - 13. Let o be x(f). What is the greatest common factor of o and 8?
8
Suppose 4*k - 210 = 2*k. Suppose 2*o - 3*x + 2 - 39 = 0, -5*o = 5*x - k. Suppose 5*w = t - o, t + 0*w - 12 = w. What is the highest common factor of 30 and t?
10
Let u(y) = -y + 9. Let z be u(-7). What is the highest common divisor of z and 128?
16
Let s(v) = -4*v + 2. Let a be s(-7). Calculate the greatest common factor of 30 and a.
30
Suppose -1330 + 525 = -7*x. What is the highest common divisor of 46 and x?
23
Let j(x) = -x**2 + 6*x + 1. Let i be j(6). What is the highest common divisor of i and 8?
1
Let d be 6 + 1/(1 + -2). Let r be 15/9 + (-1)/(-3). Let h be (50/4)/(1/r). Calculate the greatest common factor of d and h.
5
Let c(k) = -k**3 - 5*k - 3. Let z = -11 - -7. Let b be c(z). What is the highest common divisor of 9 and b?
9
Suppose -3*o - 8 = 4*z, 6 = -4*z - 5*o - 2. Let q be -1*z*1 - -5. Calculate the highest common divisor of 7 and q.
7
Let x = 0 + 0. Suppose -4*f + 12 = x, 6*f + 8 = 5*l + 2*f. What is the greatest common divisor of l and 4?
4
Let k be ((-12)/(-5))/(15/100). What is the greatest common factor of 40 and k?
8
Let u be (-3)/(-2)*(-8)/(-6). Suppose 3 + u = 5*i. Calculate the greatest common factor of 4 and i.
1
Let x(l) = -l**3 + 9*l**2 - 8*l + 2. Let a be x(7). What is the highest common divisor of a and 11?
11
Suppose 5 = -3*a - 1, 3*v - 287 = a. What is the highest common divisor of 19 and v?
19
Let y(a) = a**2 - 9*a. Let q be y(6). Let u be q*((-48)/9 + 2). Suppose 4*c = -c + u. What is the greatest common factor of 36 and c?
12
Let t(i) = 13*i + 3. Let h(z) = 27*z + 6. Let v(n) = 6*h(n) - 13*t(n). Let b be v(-4). What is the greatest common factor of b and 10?
5
Let p(l) = -l**3 - 16*l**2 + 18*l + 20. Let r be p(-17). Suppose -107 = -r*d + 13. Calculate the highest common factor of d and 5.
5
Let i be (-3 + 2)/(2/4). Let b = 4 + -1. Let w = b - i. Calculate the highest common divisor of w and 15.
5
Let w(g) = -g - 6. Let n be w(-4). Let y be (6/n - -1)*-1. Suppose 0 = -y*d + 15 + 185. Calculate the highest common divisor of 40 and d.
20
Let m be (-1)/(3 + 256/(-84)). What is the highest common divisor of 3 and m?
3
Let f(h) = -19*h - 1. Let n be f(1). Let y be -2*1 + 8 + n. Let s be (-634)/y + 8/(-28). What is the greatest common factor of 9 and s?
9
Let y(d) = -d + 2. Let b be y(-2). Suppose -4*z - 2 = 2*n + 4, -n = -3*z + 3. Let t be (n + 2)*(-2)/2. What is the highest common factor of b and t?
1
Let n be 0/(1*(1 + -3)). Suppose -4*k + 5*m - m + 68 = 0, -2*k + 4*m + 38 = n. What is the highest common divisor of k and 90?
15
Suppose 8 - 16 = -2*w. Calculate the highest common factor of 16 and w.
4
Suppose -184 = 4*g - 6*g. Suppose c + 7 = -l + 33, 0 = -4*c + 2*l + g. Calculate the highest common divisor of c and 60.
12
Suppose -2*a + 6*a = q + 6, 5*q + 14 = 4*a. Suppose 3*x + 3 = 0, -x + a - 5 = -3*w. Calculate the greatest common factor of 1 and w.
1
Let b = 7 - -3. Let p = b + 2. Calculate the highest common divisor of 132 and p.
12
Let b(c) = -c**2 - 5*c + 5. Suppose 0 = 2*d - 2*u - 2, 4*d + 13 = -3*u - 18. Let g be b(d). What is the greatest common factor of g and 45?
9
Suppose 2*k - 4 = 3*k, 0 = 4*v + k - 68. Let t be 30/18*27/3. Let r = -12 + t. Calculate the greatest common factor of r and v.
3
Suppose 50 = u - 4*y, 6*u - 5*y - 175 = u. Suppose 5*n - 5 = u. Suppose 3*s + n = 25. Calculate the highest common divisor of s and 15.
3
Let q = -448 - -471. Suppose 5*n - 809 = 2*b, -2*n - 3*n + 4*b + 813 = 0. Calculate the greatest common divisor of n and q.
23
Let q be 7/14*0/2 + 9. Calculate the greatest common divisor of 90 and q.
9
Suppose 28*i + 80 = 33*i. Calculate the highest common factor of 4 and i.
4
Let b = -4 + 4. Suppose 0 = 5*j - t - 9, b = -4*j + 2*t + 11 + 1. Calculate the greatest common factor of 3 and j.
1
Suppose -4*u = -32 - 88. Calculate the greatest common divisor of u and 75.
15
Let r = 100 + -60. Let p(c) = -c**2 + 5*c - 1. Let g = -3 - -5. Let a be p(g). Calculate the highest common divisor of r and a.
5
Suppose -z - 2*a + 50 = -0, -z + 2*a + 46 = 0. What is the greatest common factor of z and 120?
24
Suppose 6*b - 4 = 68. Calculate the greatest common divisor of 96 and b.
12
Let w(m) = m**2 - 2*m - 7. Let u be w(13). Suppose -p - 3*j + 24 = 2*j, -3*p + j = -u. Calculate the greatest common factor of p and 11.
11
Suppose 6*b - 792 = 2*b. Calculate the highest common divisor of 22 and b.
22
Suppose -4*s = c - 3*s - 5, 4*c - 14 = -2*s. Suppose 9 = c*f + f. Calculate the highest common divisor of 27 and f.
3
Let w = 126 + -27. Calculate the highest common factor of 22 and w.
11
Let r(v) = v. Let o be r(7). Let j be 5/(5/(-2)) + 37. Calculate the greatest common divisor of o and j.
7
Suppose 3*i + 3*j + 4 = -i, 5*i + 5*j = 0. Let h be (i/(-2))/(-2) + 1. Suppose h = -3*v + 2*v + 12. What is the greatest common factor of v and 60?
12
Let n(z) = 4*z**2 + 8*z - 6. Let d be n(-3). What is the highest common factor of d and 30?
6
Let r = 22 + -16. Let s = r + -4. Suppose 0 = -6*v + v - 3*i + 74, -s*i = 4. Calculate the greatest common divisor of v and 2.
2
Suppose 0 = -4*s - 5*b + 131, 93 - 29 = 2*s + 2*b. What is the highest common factor of 87 and s?
29
Let r = 19 + -11. What is the highest common divisor of 8 and r?
8
Let v(j) = j**2 - 20*j + 32. Let x be v(19). Calculate the highest common factor of x and 143.
13
Let b be 2 - (11 + -1)*-1. Let q = 104 - 20. What is the greatest common divisor of b and q?
12
Let k be 4/22 - ((-1248)/33 + -4). Calculate the greatest common factor of 28 and k.
14
Suppose -60 = -2*d + 100. Suppose 4*q = -c - 0*q + d, -q + 305 = 5*c. What is the highest common factor of c and 10?
10
Let q be 1/((12/4)/24). Let h(o) = -o**2 - 4*o - 1. Let b be h(-3). Calculate the greatest common factor of q and b.
2
Suppose 3*n - 2*a = 3*a + 74, -4*a = 4*n - 56. Suppose 5*z = 3*z + 288. What is the highest common divisor of z and n?
18
Let z(j) = j**2 + 4*j - 10. Let w be z(2). What is the highest common factor of 13 and w?
1
Let o(s) = 2*s**2 - 16*s + 7. Let h be o(11). Suppose -2*w + 2*r + 34 = -0*w, 0 = -5*w + 2*r + h. Calculate the greatest common divisor of w and 117.
13
Suppose -s + 361 = -0*s + 2*h, 3*h + 366 = s. Calculate the highest common divisor of s and 33.
33
Let d = 24 - 43. Let v = d - -34. What is the highest common factor of 135 and v?
15
Suppose 3*j = -5*f + 107, -7*f + 4*f + 5*j = -71. Calculate the highest common divisor of f and 165.
11
Suppose -2*d - 6*k + 126 = -5*k, -3*k = 0. Let n = 37 + -30. Calculate the greatest common factor o